 the prime factors of 243?
3
List the prime factors of 683.
683
What are the prime factors of 5692?
2, 1423
What are the prime factors of 4356?
2, 3, 11
What are the prime factors of 18619?
43, 433
What are the prime factors of 9329?
19, 491
List the prime factors of 57107.
57107
List the prime factors of 85741.
179, 479
What are the prime factors of 5091?
3, 1697
What are the prime factors of 2118?
2, 3, 353
What are the prime factors of 89680?
2, 5, 19, 59
List the prime factors of 40281.
3, 29, 463
List the prime factors of 11911.
43, 277
What are the prime factors of 27033?
3, 9011
List the prime factors of 968.
2, 11
What are the prime factors of 3352?
2, 419
What are the prime factors of 4003?
4003
List the prime factors of 77437.
211, 367
What are the prime factors of 3011?
3011
What are the prime factors of 190?
2, 5, 19
What are the prime factors of 14624?
2, 457
List the prime factors of 25211.
17, 1483
List the prime factors of 12515.
5, 2503
What are the prime factors of 175?
5, 7
What are the prime factors of 22524?
2, 3, 1877
List the prime factors of 977.
977
List the prime factors of 25929.
3, 43, 67
What are the prime factors of 3029?
13, 233
List the prime factors of 2529.
3, 281
What are the prime factors of 4726?
2, 17, 139
What are the prime factors of 58827?
3, 19609
What are the prime factors of 1813?
7, 37
What are the prime factors of 91226?
2, 45613
What are the prime factors of 77?
7, 11
What are the prime factors of 2874?
2, 3, 479
What are the prime factors of 3115?
5, 7, 89
What are the prime factors of 3386?
2, 1693
What are the prime factors of 655?
5, 131
What are the prime factors of 13988?
2, 13, 269
List the prime factors of 2601.
3, 17
List the prime factors of 156050.
2, 5, 3121
List the prime factors of 4587.
3, 11, 139
List the prime factors of 36545.
5, 7309
What are the prime factors of 10568?
2, 1321
List the prime factors of 4883.
19, 257
What are the prime factors of 3110?
2, 5, 311
List the prime factors of 10823.
79, 137
List the prime factors of 964.
2, 241
List the prime factors of 14377.
11, 1307
List the prime factors of 22224.
2, 3, 463
List the prime factors of 1184.
2, 37
List the prime factors of 3273.
3, 1091
List the prime factors of 63458.
2, 31729
What are the prime factors of 14894?
2, 11, 677
What are the prime factors of 4659?
3, 1553
List the prime factors of 486.
2, 3
What are the prime factors of 5099?
5099
What are the prime factors of 1395?
3, 5, 31
List the prime factors of 16977.
3, 5659
List the prime factors of 364.
2, 7, 13
List the prime factors of 2761.
11, 251
What are the prime factors of 8687?
7, 17, 73
List the prime factors of 860.
2, 5, 43
What are the prime factors of 7298?
2, 41, 89
List the prime factors of 92900.
2, 5, 929
What are the prime factors of 583?
11, 53
What are the prime factors of 1420?
2, 5, 71
What are the prime factors of 1205?
5, 241
What are the prime factors of 974?
2, 487
What are the prime factors of 7405?
5, 1481
What are the prime factors of 61124?
2, 7, 37, 59
List the prime factors of 2161.
2161
List the prime factors of 997.
997
What are the prime factors of 5344?
2, 167
What are the prime factors of 893?
19, 47
List the prime factors of 108012.
2, 3, 9001
What are the prime factors of 4865?
5, 7, 139
List the prime factors of 16033.
16033
What are the prime factors of 18430?
2, 5, 19, 97
List the prime factors of 90479.
173, 523
What are the prime factors of 61910?
2, 5, 41, 151
List the prime factors of 1466.
2, 733
What are the prime factors of 8041?
11, 17, 43
List the prime factors of 104071.
11, 9461
What are the prime factors of 30878?
2, 15439
What are the prime factors of 355?
5, 71
What are the prime factors of 20182?
2, 10091
List the prime factors of 115695.
3, 5, 857
List the prime factors of 5248.
2, 41
List the prime factors of 11303.
89, 127
List the prime factors of 5411.
7, 773
What are the prime factors of 74073?
3, 24691
What are the prime factors of 23586?
2, 3, 3931
What are the prime factors of 8012?
2, 2003
List the prime factors of 2852.
2, 23, 31
What are the prime factors of 13773?
3, 4591
What are the prime factors of 15214?
2, 7607
List the prime factors of 3.
3
What are the prime factors of 10052?
2, 7, 359
What are the prime factors of 437?
19, 23
What are the prime factors of 35540?
2, 5, 1777
List the prime factors of 97321.
7, 13903
What are the prime factors of 35457?
3, 53, 223
What are the prime factors of 558?
2, 3, 31
What are the prime factors of 14812?
2, 7, 23
What are the prime factors of 37406?
2, 59, 317
List the prime factors of 31699.
31699
List the prime factors of 454.
2, 227
List the prime factors of 21225.
3, 5, 283
What are the prime factors of 43431?
3, 31, 467
What are the prime factors of 365?
5, 73
List the prime factors of 9911.
11, 17, 53
List the prime factors of 65310.
2, 3, 5, 7, 311
List the prime factors of 6610.
2, 5, 661
List the prime factors of 6489.
3, 7, 103
What are the prime factors of 2107?
7, 43
List the prime factors of 7536.
2, 3, 157
List the prime factors of 1898.
2, 13, 73
What are the prime factors of 11456?
2, 179
What are the prime factors of 30786?
2, 3, 7, 733
List the prime factors of 6182.
2, 11, 281
List the prime factors of 6669.
3, 13, 19
What are the prime factors of 247?
13, 19
List the prime factors of 833.
7, 17
List the prime factors of 8778.
2, 3, 7, 11, 19
List the prime factors of 12396.
2, 3, 1033
List the prime factors of 64715.
5, 7, 43
List the prime factors of 308.
2, 7, 11
What are the prime factors of 1734?
2, 3, 17
What are the prime factors of 6?
2, 3
List the prime factors of 13566.
2, 3, 7, 17, 19
What are the prime factors of 2730?
2, 3, 5, 7, 13
What are the prime factors of 76201?
181, 421
What are the prime factors of 26066?
2, 13033
What are the prime factors of 16464?
2, 3, 7
List the prime factors of 4354.
2, 7, 311
List the prime factors of 9762.
2, 3, 1627
List the prime factors of 64715.
5, 7, 43
What are the prime factors of 513?
3, 19
List the prime factors of 20241.
3, 13, 173
What are the prime factors of 10216?
2, 1277
List the prime factors of 2547.
3, 283
List the prime factors of 41858.
2, 20929
List the prime factors of 3415.
5, 683
What are the prime factors of 52926?
2, 3, 8821
List the prime factors of 1152.
2, 3
List the prime factors of 1644.
2, 3, 137
What are the prime factors of 9919?
7, 13, 109
What are the prime factors of 1927?
41, 47
What are the prime factors of 74?
2, 37
What are the prime factors of 204?
2, 3, 17
List the prime factors of 15598.
2, 11, 709
List the prime factors of 363.
3, 11
What are the prime factors of 44617?
44617
What are the prime factors of 2508?
2, 3, 11, 19
List the prime factors of 14907.
3, 4969
List the prime factors of 3337.
47, 71
List the prime factors of 97.
97
What are the prime factors of 871?
13, 67
What are the prime factors of 22524?
2, 3, 1877
What are the prime factors of 4250?
2, 5, 17
What are the prime factors of 22627?
11, 17
List the prime factors of 5081.
5081
List the prime factors of 6091.
6091
What are the prime factors of 6828?
2, 3, 569
List the prime factors of 10066.
2, 7, 719
What are the prime factors of 21892?
2, 13, 421
List the prime factors of 598.
2, 13, 23
List the prime factors of 3436.
2, 859
What are the prime factors of 87481?
87481
What are the prime factors of 12087?
3, 17, 79
What are the prime factors of 2068?
2, 11, 47
What are the prime factors of 400?
2, 5
What are the prime factors of 809?
809
What are the prime factors of 1937?
13, 149
List the prime factors of 1485.
3, 5, 11
What are the prime factors of 39488?
2, 617
List the prime factors of 47743.
47743
List the prime factors of 1018.
2, 509
List the prime factors of 39727.
39727
List the prime factors of 82137.
3, 11, 19, 131
What are the prime factors of 6027?
3, 7, 41
List the prime factors of 13011.
3, 4337
What are the prime factors of 12231?
3, 151
What are the prime factors of 1612?
2, 13, 31
List the prime factors of 16844.
2, 4211
What are the prime factors of 53928?
2, 3, 7, 107
List the prime factors of 513.
3, 19
List the prime factors of 8417.
19, 443
What are the prime factors of 1532?
2, 383
What are the prime factors of 1122?
2, 3, 11, 17
What are th